ppose -4*x + 2*x - 11 = -5*b, 0 = x + 2*b - 8. Suppose 3 = x*n + 5. Is n - (0 + 3 - 41) prime?
True
Let s be 5*(-2 - -1) - 0. Let v(x) be the third derivative of -35*x**4/24 + 2*x**3 + 16*x**2. Is v(s) prime?
False
Suppose 0*m - 4*v = -m + 2077, 0 = -4*v. Is m composite?
True
Suppose 19*y - 22*y - 2922 = 0. Is 3/(0 - 6/y) prime?
True
Let t(g) = g + 10. Let b be t(-7). Suppose -b*q - q = -8. Suppose 4*f + 2*u - 298 = -78, -204 = -4*f + q*u. Is f composite?
False
Suppose 0 = -7*p + 3*p + 90932. Suppose p + 36081 = 14*j. Is j a prime number?
True
Let m = 2151 + -836. Is m prime?
False
Suppose -3*i = 6*b - 8*b + 2062, 4*b + 3*i - 4160 = 0. Let v = -690 + b. Is v a composite number?
False
Is 1*((-18)/(-117) + (-520605)/(-39)) a composite number?
True
Suppose 31*y = 28*y + 33. Suppose -y*a + 6*a = -7115. Is a a prime number?
True
Let n(f) = 4*f**2 - 4*f + 8. Let a = -7 - -14. Let w be n(a). Suppose -2 = -3*z - 5, -w = -3*y - z. Is y prime?
True
Suppose 0 = 8*s - 11*s + 12. Suppose 0 = -2*u + 4*u + 8, s*u = 2*t - 28. Suppose -t*b + 3395 = -b. Is b prime?
False
Suppose -78270 = -6*k - 24*k. Is k a composite number?
False
Let p(i) be the first derivative of -15/2*i**2 + 1/4*i**4 - 9*i - 6*i**3 + 7. Is p(19) prime?
True
Let b(t) = -t**3 - 23*t**2 - 42*t - 22. Let s be b(-20). Is 24/(-16)*s/3 a prime number?
True
Is (-157972)/(-7) + 24/(-56) a prime number?
True
Let x(h) = -56 - 7*h**2 + 28 + h**3 + 29. Let k be x(7). Is k/3*753 + 0 composite?
False
Suppose -14 = 4*h - 34. Suppose -2*q = 4*k - 2126, 25 = -4*q + h. Suppose -k = -4*t - 98. Is t a composite number?
False
Suppose -6*c = m - 18062, 0 = 4*c - 4*m - 14379 + 2319. Is c a prime number?
True
Let i = -7 + 9. Is (-1845)/(-10) - (-1)/i composite?
True
Suppose -3*t = 2*k - 0*k - 16669, 2*t - 16668 = -2*k. Is k composite?
True
Let u be ((-12)/15)/((-2)/1915) - 1. Suppose -15 = 3*k, -10*k - u = -2*f - 15*k. Is f prime?
False
Let d(n) = 1010*n**3 + 6*n**2 - 15*n + 17. Is d(4) composite?
False
Suppose -4*y = -9*y + 3*x - 16350, y + 3270 = -3*x. Let g = y + 5849. Is g a composite number?
False
Suppose 4*x - 4*l + 6148 = l, 0 = 4*x + 2*l + 6176. Let g = x + 2699. Is g a composite number?
True
Let g(r) = 194*r - 8. Let i be g(5). Suppose -n + 4*n + p = 4922, -5*n - 3*p + 8202 = 0. Let d = n - i. Is d a composite number?
True
Let u(o) = 19*o**2 - 5*o - 4. Let g(f) = -10*f**2 + 2*f + 2. Let v = 8 + -10. Let t(r) = v*u(r) - 5*g(r). Is t(2) a prime number?
False
Suppose 4*s + 16 = -7*j + 3*j, 5*j + 11 = -4*s. Let g = 416 + s. Is g composite?
True
Let o(h) = -h**3 - 6*h**2 - 5*h - 4. Let w be o(-5). Let m = -2 - w. Suppose m*d - 401 = 45. Is d composite?
False
Let k = -36 + 25. Let o(y) = 3*y**2 - 16*y - 10. Is o(k) prime?
False
Let l(f) = -7757*f + 6. Suppose -2*r - 10 = -8. Is l(r) a prime number?
False
Suppose j - 1428 = -2*f + 1007, -2*j + 4876 = -2*f. Is j a prime number?
True
Is 3 + -2 - (257184 + -4)/(-14) a composite number?
False
Let r(n) = 3216*n - 107. Is r(4) prime?
True
Suppose v = 16*d - 12*d - 18935, d - 5*v - 4710 = 0. Is d prime?
False
Suppose 4*c + 424 = 6*c. Suppose -2*o + 10 = 3*o. Suppose 2*j - c = -o*j. Is j a prime number?
True
Suppose 9*l - 14*l = 0. Suppose -z + w + 228 = l, 3*w = 2*z - 2*w - 471. Is z a composite number?
False
Let x(y) = -2*y**2 - 26*y. Let b be x(-13). Let h be (-3 - -2)/((-2)/4). Suppose b = k - h*k + 143. Is k prime?
False
Let y(f) = -f**2 + 14*f - 2. Let a be y(12). Is 6205/55 + (0 - (-4)/a) a composite number?
False
Suppose 0 = -4*c - 3*r + 24013, -4*r + 6012 = c - 5*r. Is c a composite number?
False
Let l(p) = 321*p**2 - 48*p + 236. Is l(5) composite?
True
Suppose 3 - 51 = -4*c. Let p be (-27)/(-6)*c/27. Suppose p*o + n - 1497 = 0, o - 3*n - 771 = n. Is o prime?
True
Let q be 2*(36 + (2 - 4)). Let s = 134 - q. Suppose -3*v = -y + s, 2*y - 4*v = -0*v + 122. Is y composite?
True
Let a(k) be the second derivative of 4*k**5/5 - 7*k**4/12 - k**2 + 14*k. Is a(5) composite?
False
Let p(x) be the second derivative of 7*x**4/2 - x**3/3 + 7*x**2/2 - 66*x - 2. Let n = -3 + 6. Is p(n) prime?
True
Let r = -64 + 315. Is r composite?
False
Let n(d) = d**3 + d**2. Let j be n(1). Suppose j*x - 154 = -3*v + 360, x = v + 247. Is x a composite number?
False
Suppose -3*q + 4343 = 260. Is q a prime number?
True
Suppose 20 = 5*v, -2*v = 9*n - 8*n - 41941. Is n a composite number?
True
Let a(y) = -y + 1. Let s be a(-4). Suppose -s*c = -4*t + 596, -3*t + 335 = 3*c - 112. Is t a prime number?
True
Suppose 3*v = 6*v + 561. Let k = -74 - v. Let j = k - 62. Is j composite?
True
Suppose -6*c - 2430 = 186. Let i = 657 + c. Is i prime?
False
Let k(x) = x - 8. Let o be k(8). Suppose o = -4*p - p - 230. Let n = 263 + p. Is n composite?
True
Let n(b) = -5*b**3 + 8*b**2 + 7*b + 2. Let q be n(10). Let k = q + 6947. Is k a prime number?
True
Suppose 138 = 5*g - 127. Is g a composite number?
False
Suppose 3*x - 8*x + 995 = 0. Let v = x - -108. Is v a composite number?
False
Suppose 5*n + 0*n - 15 = 0. Let k be 6/n + -1 + -1. Let h(f) = -f**3 + f**2 + f + 553. Is h(k) composite?
True
Suppose 456 = 5*o - 9949. Is o a composite number?
False
Suppose 0 = 3*v - 2*v - 377. Let z = 640 - v. Is z prime?
True
Suppose 4*j + 13*r = 14*r + 73495, -5*j + 5*r + 91880 = 0. Is j composite?
True
Suppose 0 = -33*n + 37*n - 32. Suppose 5*b - 4*d - 17 + 1 = 0, 3 = 3*d. Is n/(-4)*(-398)/b prime?
True
Let x(c) = 14*c**3 + 4*c**2 + 9*c + 3. Is x(8) composite?
False
Suppose -28*g = -4*g - 132936. Is g a composite number?
True
Let k(r) = 2*r - 15. Let w be k(8). Suppose 0 = -4*u - 12, -w = n - 0*u + 2*u. Suppose 2647 = 3*v + n*h, 3*h = -8 - 4. Is v a composite number?
True
Let u = 76493 + -43206. Is u composite?
False
Let u = -41 - -24. Let y = -12 - u. Suppose -4*d - 423 = -y*k, -5*d - 259 = -2*k - k. Is k a composite number?
False
Suppose 3*f - 9 = 3*x, -6 = -2*f - 2*x + 6*x. Suppose f*u - 1530 = 393. Is u a prime number?
True
Suppose -2*o - 3 = -z - o, 0 = -3*z + 2*o + 13. Let d = 28 - z. Suppose -3*a + 366 = -d. Is a a prime number?
False
Let q(w) = 141*w**2 + 102*w - 22. Is q(-17) prime?
True
Let t(z) = z**2 - 8*z + 13. Let p be t(6). Is (3 - p) + (1 - 2) - -292 prime?
True
Let x(l) = -l**3 - 15*l**2 + 43*l + 74. Is x(-19) composite?
False
Let s(r) = r**3 + 8*r**2 + 6*r + 2. Let c = -1 - 12. Let k = 8 + c. Is s(k) a prime number?
True
Suppose 0 = v - 2375 - 342. Let r be (-16)/5*(-2 + v). Is 2/(-10) - r/40 a prime number?
False
Suppose -s - 12 = -5*s. Suppose 2*r - 4*r + 17 = -5*q, 3*q - 15 = -s*r. Is (r - 4 - 799)*-1 a prime number?
True
Suppose -l + 6*l = 0, 4*l = z - 3. Let r be ((-40)/(-100) - (-4)/(-10))/(-2). Is 55 + (z + -3 - r) prime?
False
Suppose -14 = -5*d + 1, 2 = -2*k + 2*d. Suppose 3*u - 3*l + 5*l = 1831, -k*l = 8. Is u composite?
False
Let f(q) = -q**3 - 2*q**2 + 1. Let a be f(-1). Let m be 10 - (2 - a) - 0. Is ((-248)/(-32))/(2/m) a prime number?
True
Let f be (-2)/((-6)/(-40)*2/3). Suppose 2*x + 0*a + 29070 = 2*a, -1 = a. Is (-3)/(-15) + x/f prime?
True
Is (48647/(-2))/(1 - (-18)/(-12)) prime?
True
Suppose 0 = 5*d - 9*d + 844. Suppose a = d + 652. Is a a prime number?
True
Let d(u) = -u**3 - 13*u**2 - 8*u - 11. Let h be d(-6). Let i = -93 + 9. Let a = i - h. Is a prime?
True
Let d = -34572 + 81853. Is d a prime number?
False
Let g(n) be the third derivative of n**4/24 + 2*n**3 + 4*n**2. Let y be g(-6). Is y/(-2) - (3 + -59) prime?
True
Is 1/(-8) - (-145314)/144 a composite number?
False
Suppose 30639 = 9*w - 22452. Is w a composite number?
True
Suppose -3*j + 32 = j. Suppose 0 = -5*f + 2335 + 1235. Suppose -j*b + f = -2*b. Is b composite?
True
Suppose 3*a = 2*z - 24, 2*a - 5*a = 2*z. Suppose 0 = -u - 4 + z. Is -3*((-15)/9 - u) composite?
False
Suppose -4*f + 41285 = f. Is f composite?
True
Let t = 5938 + -2297. Is t composite?
True
Suppose 31 - 1 = 6*t. Suppose -t*l - 8*l = -21281. Is l composite?
False
Let z(w) = 117*w**3 + 6*w**2 - 8*w + 30. Is z(5) a prime number?
False
Let r(q) = q**2 - 20*q - 35. Let g(s) = -7*s - 12. Let n(p) = -7*g(p) + 2*r(p). Is n(-13) a prime number?
False
Let l = 268 + -114. Let t = -59 + l. Let o = t - 9. Is o composite?
True
Let q(i) = 8*i**2 - 11*i + 1. Suppose -5*p = -p + 3*d - 44, 4*d - 11 = -p. Let v be q(p). Let z = v + -545. Is z composite?
True
Let f(z) = -5528*z -